 326*m + 24750. List the prime factors of m.
2, 3, 5
Let o(m) = 8*m - 14. Let z be o(2). Suppose 74 = z*i - 84. List the prime factors of i.
79
Let f be 24*-3*(-2)/(-8). Suppose -c = 6 + 38. Let g = f - c. What are the prime factors of g?
2, 13
Let d = 1860 - -187. What are the prime factors of d?
23, 89
Let x(o) = 5*o**2 - 17*o. Let g(b) = 6*b**2 - 18*b - 1. Let q(s) = -6*g(s) + 7*x(s). What are the prime factors of q(-5)?
2, 3
Suppose 200 - 1310 = -6*m. Let q = m - 118. What are the prime factors of q?
67
Let n(u) = -4*u**2 - 23 + 7 + u**2 + 13*u + 2*u**2. Let k be n(12). List the prime factors of 23 - (8/2 + k).
23
Suppose -2*b + 4*w = 69 - 1251, 2*b + 3*w = 1210. What are the prime factors of b?
599
Let j(u) = -2*u**2 - 2*u**2 - u**3 + 7*u - u**2 + 9. Let f be j(-6). Suppose -30 = -f*b + 30. What are the prime factors of b?
2, 5
Suppose 2*f = 1744 - 620. List the prime factors of f.
2, 281
Let w(x) = 2*x**3 + 17*x**2 - 9*x + 5. Let t be w(-9). Suppose -3*n + 13 = -2*r + 52, 2*r - t*n - 33 = 0. List the prime factors of r.
2, 3
Suppose -3 = -d + 2*y, 4*d + 2*y - 34 = -2. List the prime factors of d.
7
Let x(u) = u**2 + u - 26. Let t be -12 - (7 + 1)/(-2). What are the prime factors of x(t)?
2, 3, 5
Suppose 116*w = 114*w + 158. Let a = -51 + w. What are the prime factors of a?
2, 7
Suppose 4*c - 33 = -3*r, 4*c = -3*r + 4*r + 21. List the prime factors of (2 - 3)/(c/(-54)).
3
Let d(i) = i - 4. Let f be d(4). Let n(q) = 2*q**2 - 31*q + 15. Let a be n(15). Suppose f = r - 2, a = 2*s - 7*s - 4*r + 93. What are the prime factors of s?
17
Let v(l) = -l**3 + 4*l**2 + 4. Let q be v(4). List the prime factors of -71*(q + -3)*-1.
71
Let i(l) = 8*l**2 - l. Suppose 5*r = 4*r. Suppose -4*z + 4 = -r*z. List the prime factors of i(z).
7
Let j = -3 - -10. Suppose j*f + 40 = 3*f. What are the prime factors of f*(-28)/8*1?
5, 7
Let f = -29 - 35. Suppose -2*z - 15 = -d - 12, 0 = 4*d + 2*z + 18. What are the prime factors of (f + 0)/(6/d)?
2
Let n = -24 + 2419. What are the prime factors of n?
5, 479
Suppose 3*r - 14 = -2*u, 0 = -5*r - 6*u + 2*u + 20. Suppose 12*s - 104 = r*s. List the prime factors of s.
2, 13
Let p be ((-1)/(-6)*-2)/((-1)/(-6)). What are the prime factors of (0 + 111 - 2)/((-1)/p)?
2, 109
Let n = 260 - 186. Suppose -2*t - 10 + n = 2*l, l - 5*t = 50. Suppose -5*p = -0*p - l. List the prime factors of p.
7
Let v = 215 - 398. Let n = v - -308. List the prime factors of n.
5
Suppose 4*z + 4*p = -0*p + 24, -3*p + 20 = 4*z. Suppose 4*r = z + 10. Suppose 4*t + 3*x - 69 = 0, -2*x + 21 = -r*t + 4*t. List the prime factors of t.
3, 5
Let i be ((-5)/(-4))/((-2)/(-8)). Suppose -4*z - i = -2*g + 3, -4*z + 20 = 5*g. What are the prime factors of 76*((-4 - -5) + z)?
2, 19
Suppose 9555 = 4*b + 17*b. List the prime factors of b.
5, 7, 13
Let z(c) be the first derivative of c**3/3 - 9*c**2/2 + 8*c - 1. Let u = 44 - 35. List the prime factors of z(u).
2
Let w = 18 + -13. Suppose -w*t + 33 = 4*k, -4*k + 25 = -5*t + 2*t. Suppose 15 = -6*y + k*y. List the prime factors of y.
3, 5
Suppose -2*h - 13 = p, 3*h + 19 = p - 3*p. Let s(g) = -2*g - 9. Let v be s(h). Let l = 3 + v. List the prime factors of l.
2
Suppose -7 = -s - 5*g, -3*s + 6 = 4*g - 4. Suppose 9*n - 2*p - 15 = 4*n, 0 = -s*n - p + 6. List the prime factors of n.
3
Let z = 132 - 385. Let d = 466 + z. List the prime factors of d.
3, 71
Let v = 229 - 98. List the prime factors of v.
131
Let i = -1762 - -2486. List the prime factors of i.
2, 181
Let c(t) = -17*t - 2 - 3 + 10*t - 11. What are the prime factors of c(-6)?
2, 13
Let g(y) be the second derivative of -2*y**3/3 - 2*y**2 + 2*y. Let r be (8/(-10))/(2/15). What are the prime factors of g(r)?
2, 5
Suppose 4*j - 238 = 214. Let r = j - 69. What are the prime factors of r?
2, 11
Let z = -3213 - -3409. List the prime factors of z.
2, 7
Suppose 0 = -4*c + 2*k + 298, -2*c + 3*k = 4*k - 143. List the prime factors of c.
73
Suppose 0 = -0*t - 52*t + 27560. List the prime factors of t.
2, 5, 53
Suppose 47 = -2*a - 19. What are the prime factors of (3 + a/9)*-273?
2, 7, 13
Suppose n = -2, -3*t + 10*n = 8*n - 9328. List the prime factors of t.
2, 3, 7, 37
Let f(o) = o**3 - 6*o**2 - 9*o - 14. Let l = -28 + 36. What are the prime factors of f(l)?
2, 3, 7
Suppose 3*q = 4*z - 13151, -11*z + 12*z + 5*q - 3282 = 0. List the prime factors of z.
19, 173
Let r(k) = 11*k + 1. Suppose 2*x - 8 + 4 = 0. Suppose -x*m - 2 = -10. What are the prime factors of r(m)?
3, 5
Let a(c) = 127*c**2 - 7*c - 7. List the prime factors of a(-2).
5, 103
Let q = -597 - -1595. What are the prime factors of q?
2, 499
Let h = 1041 - 1015. Suppose -4*w + 13 + 15 = 2*m, 3*w + m = 23. Let b = h - w. What are the prime factors of b?
17
Let b(h) = -2*h + 5. Let l be b(4). Let i(d) = -2*d**2 + 6*d + 2. Let u(z) = -5*z**2 + 12*z + 5. Let x(j) = l*u(j) + 7*i(j). List the prime factors of x(-8).
3, 5
Let l = -577 + 1537. What are the prime factors of l?
2, 3, 5
Suppose 2*d + 7 = p, p + 2*p - 10 = -5*d. Suppose -176 = -3*w - 5*u + 47, -p*u - 20 = 0. What are the prime factors of w?
3
Let o be 3/18*3*-104 - 3. List the prime factors of (-2321)/o - (-4)/5.
43
Let d(b) = b**3 - 13*b**2 + 5*b + 12. Suppose -3*c = -5*k + 5 - 19, -3*c - 4*k + 59 = 0. What are the prime factors of d(c)?
7, 11
What are the prime factors of (3 - 1)*(-497)/(-2)?
7, 71
List the prime factors of (-5 - -6 - 50)*-19.
7, 19
Suppose 4*t = 302 + 242. Let o = t - -1. List the prime factors of o.
137
Let n(u) = -2*u + 24. Let k(x) = -3*x + 23. Let d(p) = -5*k(p) + 4*n(p). List the prime factors of d(19).
2, 3, 19
Suppose 30*h + 54 = 12*h. Let a be 0 + 3*72/(-2). List the prime factors of ((-2)/h)/((-3)/a).
2, 3
Suppose -z = -5*x + 3*z + 5140, -2*x - 5*z = -2089. List the prime factors of x.
2, 3, 43
Let i(v) = 2*v + 4. Let t be i(-4). Let d = -181 - -176. List the prime factors of d*t*(-1)/(-10).
2
Suppose 0 = -4*q - 5*a + 15, -2*a - 6 = -2*q + 6. Suppose 180 + 242 = q*v + 4*g, 4*v - g = 325. List the prime factors of v.
2, 41
Let g be ((-6)/4)/((-9)/4698). Suppose -5*j + d - 98 = -g, -j = -d - 133. List the prime factors of j.
2, 3, 23
Let g = 1358 + -647. Let z = g - 415. List the prime factors of z.
2, 37
Let v = 446 + -733. Let s = 467 + v. List the prime factors of s.
2, 3, 5
Let b = 2429 + -1285. What are the prime factors of b?
2, 11, 13
Let q(b) = b**2 - b. Let x be q(-1). Suppose -141 = -x*l + l. Suppose -8*i + 5*i = -l. List the prime factors of i.
47
Suppose -5*m + 17920 = -3*z, 0 = 2*m + z - 2889 - 4279. What are the prime factors of m?
2, 7
Let f(p) = -47 + 24*p**2 + 30 + 23 + 4*p. List the prime factors of f(-3).
2, 3, 5, 7
Let y(d) = -4*d - 267*d**3 + 133*d**3 + 133*d**3 + 6. List the prime factors of y(-5).
151
Suppose -m + 6 = 7. List the prime factors of m/(2*1/(-32)).
2
Suppose -2*s + 10 = 3*r, 4*r = 2*s + 18 - 0. Suppose -d = -u + 1, -u + r*d - 1 = 1. Suppose u*b = b + 9. What are the prime factors of b?
3
Let r(h) be the first derivative of 16*h**2 - 48*h + 36. What are the prime factors of r(6)?
2, 3
Let v(n) = n**2. Let f be v(-4). Let p = -8 + f. What are the prime factors of p?
2
Let y be -236*(1/6 + 4/(-6)). Let x = 26 + y. List the prime factors of x.
2, 3
Let q = -126 - -10. What are the prime factors of (-8)/(8/q*1)?
2, 29
Suppose -12*r - 4*b + 74 = -10*r, -15 = 5*b. What are the prime factors of r?
43
Let q(j) = -j**3 - 11*j**2 + 15*j + 16. Let b be q(-12). Let a be ((-2)/2)/(4/b). Suppose a*u = u + 8. What are the prime factors of u?
2
Let i = 31 + -16. Let m = i + 48. What are the prime factors of m?
3, 7
Let p = 1 + -15. List the prime factors of (-2691)/(-63) + (-4)/p.
43
Suppose -3*h + 18 = -120. What are the prime factors of h?
2, 23
Let q(t) = -56*t**3 + 3*t - 3. What are the prime factors of q(-3)?
2, 3, 5
Suppose 5*t = 35 + 100. Suppose 3*n = 2*p + 3*p - 21, 5*p - 17 = n. Suppose -q + p = -t. List the prime factors of q.
2, 3, 5
Suppose 0 = -5*k + 3*k + 6. Suppose k*i = 2*i + 32. What are the prime factors of 156/i - (-3)/24?
5
Suppose -8*b + 2712 = 4*b. Let g = 379 - b. List the prime factors of g.
3, 17
Suppose -4*o = -4*g + 116, -115 = 5*o + 4*g - 3*g. Let q = 32 + o. List the prime factors of q.
2
List the prime factors of 4368/10 + (-3)/(-90)*6.
19, 23
Let v(n) = -n**3 - 42*n - 210. List the pri